2 + 0*t**2 - 11*t + 10*t + t**2. Let q(w) = c(w) + 3*z(w). What is q(-5)?
-7
Let q(t) be the second derivative of t**4/6 - t**3/6 - 7*t**2/2 - 2*t. Let l(p) = p**2 - 4. Let h(c) = -11*l(c) + 6*q(c). Calculate h(5).
-3
Let x(d) = d**3 + 4*d**2 + 2*d + 6. Let f(u) = 2*u**3 + 7*u**2 + 3*u + 11. Let s(g) = 3*f(g) - 5*x(g). Suppose 0 = -0*p - p. Give s(p).
3
Let u = -3 + 4. Let f(y) = 1 - y - 2 + u. What is f(4)?
-4
Let w(d) = -2*d + 0*d - 2 - 2*d. Let y(i) = 0 + 7*i - 1 - 8*i. Let p(q) = w(q) - 2*y(q). What is p(-4)?
8
Let j(d) = -d**2 - 11. Let w be j(0). Let t = w + 15. Suppose t*x + 4*u = 2*x - 2, 3*x - 5*u - 30 = 0. Let c(y) = -y**2 + 6*y - 6. Determine c(x).
-1
Let q(f) = f - 8. Let d be q(8). Suppose d = -6*l + 4*l + 10. Let r(n) = 3*n - 7. Give r(l).
8
Let x be 2*1 + (-136)/102. Let h(y) be the third derivative of 0 - 1/6*y**4 - x*y**3 - y**2 + 0*y. Determine h(-3).
8
Let s(m) = m + 1. Let c = 20 + -23. Determine s(c).
-2
Let j(p) = -p - 1. Let f be j(-3). Let n(s) = 4*s**3 + s**2 - 2*s + 4. Let z(o) = -o**3 - 1. Let h(v) = n(v) + 5*z(v). Calculate h(f).
-9
Let j be (2 + 39/(-6))*8/(-6). Let u(n) = n + 3. What is u(j)?
9
Let q(t) = t**3 - 6*t**2 + 2. Let l be q(6). Let h(s) = -2*s**2 - 2 - 3*s**l - 2*s**2 + 6*s**2 + 5*s. Give h(4).
2
Let h(p) = 2*p**2 - p + 2. Let d be 1*-1 + (-12)/(-4). Determine h(d).
8
Let i = 18 - 13. Suppose -p + 2*p = i. Let c(r) = -r + 10. Determine c(p).
5
Suppose -5*u - 10 = -5*q, 5*q - 2*u + 5*u - 26 = 0. Let p(a) = a**3 - 3*a**2 - 4*a - 4. Give p(q).
-4
Let o be 3/(-2)*(0 + -2). Let c(h) be the first derivative of -o - 1/2*h**2 + 2*h - 1/4*h**4 + 0*h**3. What is c(2)?
-8
Let n(g) be the second derivative of 0 + g**3 - 1/12*g**4 - g**2 - 3*g. What is n(5)?
3
Let s(v) = v**2 + 3*v - 5. Let l = 2 + -2. Suppose 2*b - 4 = -l*b. Suppose -b*n - n - 15 = 0. Calculate s(n).
5
Let a = -1 + 7. Let d(h) = 2 + h**2 + 0*h**2 + a*h - 3*h. Determine d(-3).
2
Let a be (3/(-3))/((-1)/2). Suppose -2*d - a*d - 8 = -4*w, 1 = w - 2*d. Suppose 0 = -4*k - 2*p, -5*k = w*p - 8*p - 30. Let b(y) = -3*y + 2. Determine b(k).
-4
Let h(g) = -g**3 + 6*g**2 - 6*g + 4. Let v be h(5). Suppose 0*w + 12 = 4*w. Let u(j) = -18*j + 7*j + w*j**3 - 1 - j**2 + 10*j. Give u(v).
-4
Let r = -1 - -5. Let m = 0 - r. Let z be ((-10)/8)/(m/16). Let t(i) = -i**2 + 6*i + 4. Give t(z).
9
Let i(b) = -2*b + 2. Let v(f) be the first derivative of f**2/2 + 10*f - 3. Let t be v(-7). Suppose 6 = -a + t*a. Calculate i(a).
-4
Let w(j) = -3*j**2 + 4*j - 2. Suppose 5*q - 8*a = -3*a + 15, -q = -2*a - 3. What is w(q)?
-17
Let a be (-48)/4*(-3)/9. Suppose a = x + 2*z, -9 - 15 = x - 5*z. Let p(t) = 3*t + 5. Calculate p(x).
-7
Let o(u) = -1 + 10*u + u + 0*u - 4*u. What is o(1)?
6
Let s(l) = 3*l + 2. Let n = -8 - -5. Let f be n + (-1)/2*-2. Give s(f).
-4
Let o(u) = u**2 + 3*u + 1. Let h(v) = v**2 + v - 6. Let l be h(0). Determine o(l).
19
Suppose -9*a = -7*a + 6. Let o(k) = 4*k + 4. Calculate o(a).
-8
Suppose -72*t + 75*t = -15. Let c(w) be the third derivative of -w**6/120 - w**5/15 + w**4/6 - 2*w**3/3 + w**2. Calculate c(t).
1
Let j(f) be the third derivative of 5*f**4/24 + f**3/6 + 28*f**2. Let d be (-3)/(1*(-6)/(-4)). Calculate j(d).
-9
Let c(q) = -q**3 - 4*q**2 - q. Let y be ((-10)/4 + 1)*(41 + -39). Give c(y).
-6
Suppose -11*l + 4 = -10*l. Let d(b) = -b**3 + 4*b**2 + b - 5. Determine d(l).
-1
Let q = -14 - -8. Let p(m) = -m**2 - 6*m + 3. Let c be p(q). Let x(s) = -3*s**2 - s + 3. Let o(z) = 4*z**2 + z - 3. Let f(r) = -2*o(r) - 3*x(r). Calculate f(c).
9
Suppose -4*j + 4 = -4. Suppose 2*b + j*b = 0. Let r(u) = -u**3 - u**2 + u + 4. Give r(b).
4
Let d(a) = 2 + a - 1 + 0 + 2. Calculate d(-9).
-6
Let a(p) = p**2 + 5*p - 4. Suppose 13*l + 66 = -25. Give a(l).
10
Let r = -3 + 5. Let f(p) = p**r + 3 + 2*p - 3 + p**3 - 5 - 3*p. What is f(0)?
-5
Let z be (-3)/(-7) - (-140)/(-98). Let h(y) = 10*y**3 - y**2. Determine h(z).
-11
Let p(h) = -5*h**2 + h + 8. Let v(k) = 4*k**2 - 7. Let j(c) = 3*p(c) + 4*v(c). Suppose -2*s - 1 = 7. Determine j(s).
0
Let i(c) be the first derivative of 3*c**2/2 + c + 5. Determine i(-1).
-2
Suppose -3*a = 15, 2*a = -2*p + 5*a + 15. Let h(z) = -3*z**2 + 2*z**2 + 2*z**2 + 4. Determine h(p).
4
Let h(c) = c - 5. Let x be h(7). Let s(b) = -b**2 - 5*b + 5 - 4 + 2*b**2 + x. Let v = 10 + -7. Give s(v).
-3
Suppose -n - 3 = 0, 0 = -h + 4*n - 8 + 21. Let o(q) be the third derivative of 7*q**6/120 + q**5/60 - q**4/12 + q**3/6 + 2*q**2. What is o(h)?
7
Suppose -5*z - 4 = 4*p + 1, -3*z = -5*p - 34. Let x(k) be the second derivative of 3*k - 1/3*k**z - 2*k**2 + 0. Determine x(-5).
6
Suppose 5*r - 26 = -2*s - 7, -3*r + 3 = -3*s. Suppose -2*w - 21 = -5*f, -4*f + w = -f - 12. Let j(p) = f*p**2 - 5*p**2 + 3*p + 1 + p. Give j(r).
-5
Let o(t) = -t**3 - 3*t**2 + 2*t - 4. Let b = -158 - -154. Calculate o(b).
4
Suppose 0*k - 5*k = 15. Suppose -3*h - 3 + 15 = 0. Let b(o) = 0*o**2 - 2*o + o**2 + h*o. Give b(k).
3
Let q(y) = 4*y**2 - 3*y - 3. Let v(l) = -3*l**2 + 4*l + 4. Let b(t) = -2*q(t) - 3*v(t). Calculate b(5).
-11
Let g = -10 - -5. Let n(q) = -q**3 - 5*q**2 + 2*q + 3. Give n(g).
-7
Let a(o) = -2*o + 1. Let d(u) = u**2 - 5*u + 3. Let m be d(4). Let z be a(m). Let w(c) = -c + 4. Give w(z).
1
Let y(k) = -3*k**2 + 2*k**2 + k + 1 + 3*k + 0. Let a = 16 + -5. Let p = a - 7. Give y(p).
1
Let m(c) = c**3 - 5*c**2 - 15*c + 10. Let v be m(7). Suppose 2*o + v = -o. Let u(f) = 14*f. What is u(o)?
-14
Let k(c) = c**3 - 3*c**2 - 3*c - 3. Suppose -3*t - 2*i + 0*i = -32, -44 = -4*t - 3*i. Let b = t - 4. What is k(b)?
1
Suppose 4*m = -5*t + 30, -4*t + 0*m + 3 = -m. Let p(j) = -j + t*j + j**2 - 2*j**2. Determine p(3).
-6
Let l(t) = -t - 1. Suppose 0 = -5*k + 55 - 15. Let b = k + -5. Give l(b).
-4
Let p(w) be the first derivative of w**4/4 + 2*w**3 - 6*w - 6. Let r = 7 - 13. What is p(r)?
-6
Let h = 1 - 4. Let c(q) = -q**2 + 0*q**2 - 3*q**3 + 2*q**3 - 2*q**2 + 3*q + 1. What is c(h)?
-8
Let a(b) = 5*b**2 - 6*b - 6. Let x(r) = -5*r**2 + 5*r + 5. Let l be (5/10)/(2/(-16)). Let u(k) = l*a(k) - 5*x(k). What is u(-1)?
5
Let s(m) = -m**2 - 7*m - 6. Suppose -2*o = -4*l - o + 461, 0 = 4*l - 3*o - 455. Let i be l/(-20) - (-1)/(-5). Give s(i).
0
Let o be 8/4*(2 + -4). Let f(b) = -b**2 - 3*b. Give f(o).
-4
Let s(p) = 2*p - 4. Let v be s(3). Let m(w) = -w**v - w**2 - 1 + 3*w**2 + 3*w + 4. What is m(-5)?
13
Let q(b) be the third derivative of -b**9/60480 - b**7/1680 - b**6/240 - b**5/6 + 5*b**2. Let s(c) be the third derivative of q(c). Give s(-2).
11
Let q(n) be the third derivative of 0 + 1/24*n**4 + 4*n**2 - 1/40*n**5 + 0*n + 2/3*n**3. Let t(k) be the first derivative of q(k). Calculate t(3).
-8
Let m(f) = -5*f - 1. Let o = 4 - 3. Let c(j) = -3*j. Let p be c(o). Let v = 4 + p. Determine m(v).
-6
Let o(a) = 4 + 0*a - 3*a + 4*a. Give o(-9).
-5
Let p = 12 + -21. Let h = 16 + p. Let c(t) = -t**2 + 9*t - 8. Give c(h).
6
Let o(w) = w**3 - 5*w**2 - 6*w - 8. Let b = -25 + 31. What is o(b)?
-8
Let q(i) = -i**3 - 6*i**2 - 7*i - 7. Let m be q(-5). Let k(t) = t**3 - t**2 - 2*t. Determine k(m).
12
Let x(w) be the third derivative of w**5/60 - w**4/6 - 4*w**3/3 - 12*w**2. Calculate x(6).
4
Let o(p) = -12*p**3 + 2*p**2 - 1 + 4 - 2 + 2*p. Let w be (-7)/14 + 2/(-4). What is o(w)?
13
Let q(j) be the third derivative of j**4/24 - j**3/6 + j**2. Suppose -31 = -2*g - 25. Determine q(g).
2
Suppose 3*n = -0*n. Let p(a) = n*a**2 - 3*a - a**2 - 6 - 3*a. Give p(-6).
-6
Let y(m) = 4*m**2 + m. Let u(z) = z**2 + z - 1. Let p(c) = -3*u(c) + y(c). Give p(2).
3
Let s(w) = -w + 2. Suppose 0 = 5*j + 15, 4*x + 0*j + 4 = -4*j. Let i = -53 - -56. Let z be (0/i)/(x + -1). Determine s(z).
2
Let s = -7 + 9. Let v(y) = y**3 - 3*y**2 + y + 1. Calculate v(s).
-1
Let d(p) = -5*p**3 + 3*p**3 - 47*p**2 + 44*p**2 + p**3. Calculate d(-3).
0
Let l(j) = -j - 11. Suppose 4*i - 5*o = 22, 5*o + 6 = -3*i + 40. Determine l(i).
-19
Let g(q) = q - 1. Let n = -117 - -115. Give g(n).
-3
Let n(r) = r**3 - 8*r**2 - 9*r - 5. Suppose -2*d = 3*d - 45. Let a be n(d). Let y(h) = -h - 8. What is y(a)?
-3
Suppose 0 = 3*s + 5 + 25. Let a = -14 - s. Let j(f) = f**2 + 5*f + 1. Give j(a).
-3
Let d(l) = -4*l**3 - l**2 + 2*l - 1. Let r = -16 + 17. What is d(r)?
-4
Let x(z) be the third derivative of z**4/24 + z**3/2 - z**2. Let o be 9 + -3*1/(-3). Let p = o + -15. Give x(p).
-2
L